{"id":109,"date":"2026-04-01T18:20:39","date_gmt":"2026-04-01T18:20:39","guid":{"rendered":"https:\/\/yukisbani.com\/home\/index.php\/producto\/cerveza\/"},"modified":"2026-04-01T18:20:39","modified_gmt":"2026-04-01T18:20:39","slug":"cerveza","status":"publish","type":"product","link":"https:\/\/yukisbani.com\/home\/index.php\/producto\/cerveza\/","title":{"rendered":"Cerveza"},"content":{"rendered":"<p>Cerveza de sabor equilibrado y refrescante, perfecta para acompa\u00f1ar comidas o disfrutar en reuniones. Servir bien fr\u00eda para una mejor experiencia. Disponible en presentaci\u00f3n en lata o botella.<\/p>\n","protected":false},"excerpt":{"rendered":"<p>Cerveza refrescante, ideal para compartir en cualquier ocasi\u00f3n.<\/p>\n","protected":false},"featured_media":108,"comment_status":"open","ping_status":"closed","template":"","meta":[],"product_brand":[],"product_cat":[],"product_tag":[],"class_list":{"0":"post-109","1":"product","2":"type-product","3":"status-publish","4":"has-post-thumbnail","7":"first","8":"instock","9":"shipping-taxable","10":"purchasable","11":"product-type-simple"},"_links":{"self":[{"href":"https:\/\/yukisbani.com\/home\/index.php\/wp-json\/wp\/v2\/product\/109","targetHints":{"allow":["GET"]}}],"collection":[{"href":"https:\/\/yukisbani.com\/home\/index.php\/wp-json\/wp\/v2\/product"}],"about":[{"href":"https:\/\/yukisbani.com\/home\/index.php\/wp-json\/wp\/v2\/types\/product"}],"replies":[{"embeddable":true,"href":"https:\/\/yukisbani.com\/home\/index.php\/wp-json\/wp\/v2\/comments?post=109"}],"wp:featuredmedia":[{"embeddable":true,"href":"https:\/\/yukisbani.com\/home\/index.php\/wp-json\/wp\/v2\/media\/108"}],"wp:attachment":[{"href":"https:\/\/yukisbani.com\/home\/index.php\/wp-json\/wp\/v2\/media?parent=109"}],"wp:term":[{"taxonomy":"product_brand","embeddable":true,"href":"https:\/\/yukisbani.com\/home\/index.php\/wp-json\/wp\/v2\/product_brand?post=109"},{"taxonomy":"product_cat","embeddable":true,"href":"https:\/\/yukisbani.com\/home\/index.php\/wp-json\/wp\/v2\/product_cat?post=109"},{"taxonomy":"product_tag","embeddable":true,"href":"https:\/\/yukisbani.com\/home\/index.php\/wp-json\/wp\/v2\/product_tag?post=109"}],"curies":[{"name":"wp","href":"https:\/\/api.w.org\/{rel}","templated":true}]}}